w be d(-12). What is the greatest common factor of 1136 and w?
16
Let i = 6489 + 11304. Calculate the greatest common factor of 27 and i.
27
Let y(q) = q**3 + 129*q**2 + 2182*q + 222. Let g be y(-109). Calculate the highest common factor of 3046 and g.
2
Let k be (2 + (3 - (-12379)/5))*(-1650)/(-132). What is the highest common factor of 70 and k?
70
Let o be 12*(-4 + (-70)/(-15)). Let b be 38/8 + (-6)/o. Let g(l) = 23*l + 12. Let y be g(b). Calculate the highest common divisor of y and 26.
26
Suppose -h + 9*h = 104. Suppose h = 8*t - 131. What is the greatest common factor of 2 and t?
2
Let t = 24 + 39. Suppose 0 = -5*z + 2*z + t. Let g(a) = -64*a + 298. Let d be g(4). What is the greatest common divisor of z and d?
21
Let v(a) = -2*a**3 + 83*a**2 + 9*a + 873. Let c be v(23). Calculate the greatest common divisor of c and 76.
19
Let u = -14782 + 15018. What is the highest common factor of 1829 and u?
59
Suppose 48 = -0*s + 3*s. Suppose -p + 4*z + 44 = 0, -9 = -p + 5*z + 27. What is the highest common divisor of p and s?
4
Suppose -124308 + 123908 = -20*x. Let a be (-20)/3*36/(-30). Calculate the highest common divisor of x and a.
4
Suppose 2*b + 4*u + 12 = 5*u, 3*b = 4*u - 8. Let k be (b - -2)/(-3) + 239 + 6. What is the greatest common divisor of k and 19?
19
Let k = 5699 + -5402. What is the greatest common divisor of k and 6336?
99
Let l be ((-4)/(-2))/(2/4*(-368)/(-169464)). What is the greatest common divisor of l and 6?
6
Let d = 14683 + -6149. What is the highest common divisor of d and 34?
34
Suppose -21*p + 9100 = 5*p. Let r = -234 + p. Calculate the highest common divisor of 8 and r.
4
Let g(k) = 7*k + 254 - 13*k**2 - 125 - 131 - 3*k**3. Let l be g(-7). Calculate the highest common divisor of l and 31.
31
Let g be (-20 + 888/60)/((-1)/120). Calculate the greatest common divisor of 12 and g.
12
Let b be 0 - 1 - (165/(-11) + -151). Let v = b + -159. What is the greatest common divisor of v and 96?
6
Let a(o) = -o**2 + 13*o - 9. Let r be a(12). Suppose 0 = -144*j + 141*j - 24. Let s = r - j. What is the greatest common divisor of 77 and s?
11
Let b(s) = s**2 - 7*s - 226. Let w be b(-31). What is the highest common factor of w and 28?
28
Let l be 8242/78 + (-4)/6. Suppose 0 = -2*n + l + 371. Calculate the highest common divisor of n and 14.
14
Let y be ((-1)/4)/(124/(-12896)). What is the greatest common divisor of 39 and y?
13
Let t = -3602 + 3659. Suppose -50 = -3*a + 157. Let y = -31 + a. What is the highest common divisor of y and t?
19
Let u = -12 + 7. Let d = 11 - u. Let a(j) = 27*j**2 - 4*j + 176. Let b be a(0). Calculate the highest common divisor of d and b.
16
Suppose -254*f - 458*f + 85438 = -17090. What is the greatest common divisor of f and 112?
16
Suppose 16*w = 15*w + 8. Suppose 477 = 4*o + 409. Calculate the highest common divisor of w and o.
1
Suppose 4*r = 4*u - 64, 17*u - 22*u + 116 = 4*r. Calculate the greatest common divisor of u and 390.
10
Suppose -23 + 23 = 8*y. Suppose t - 316 + 15 = y. Calculate the highest common factor of t and 86.
43
Let a(o) = -o + 2*o**2 + 8*o**2 - 6 + 3*o**2 - 2*o**2. Let s be a(5). What is the highest common divisor of 24 and s?
24
Suppose -3*i = r - 396, -2*r + 736 = 5*i + 75. Calculate the greatest common divisor of 917 and i.
131
Suppose 5720 = 14076*r - 14065*r. Calculate the greatest common factor of r and 7670.
130
Suppose 11*v - 13*v = -20. Suppose 35*z + 4*s = 34*z + 118, -s - 133 = -z. Calculate the greatest common divisor of z and v.
10
Let s = 360 - 351. Let n(p) = 2*p**3 - 18*p**2 - 3*p + 28. Let w be n(s). What is the greatest common divisor of 47 and w?
1
Suppose 0 = -f + 5*b + 50 + 2802, 3*f - 4*b = 8600. What is the greatest common divisor of 8 and f?
8
Suppose 2*b + 5 = 3*b. Suppose 0 = -3*s + b*r + 216, -50 = -3*s + r + 178. What is the highest common factor of s and 21?
7
Let l be 130/18 - (-4)/(-18). Let m = 8 - 5. Suppose 3*q = 3*z - z + 19, -m*q + z + 20 = 0. Calculate the highest common divisor of l and q.
7
Let t be (1536/10)/((-30)/(-50)*4/12). Calculate the highest common divisor of 1776 and t.
48
Suppose 5*r = -5*a - 0*a + 1255, 756 = 3*r + 4*a. What is the highest common factor of r and 40?
8
Let r be (3 + 0)*(24 - (12 - 7)*1). What is the greatest common divisor of r and 24?
3
Let b be 4 + 90/(-15) - (0/3 - 20). What is the highest common factor of 7002 and b?
18
Suppose -a - 2*w = 9, 0 = -5*a - w - 6 - 3. Let g be a + -1 - 95*4/(-10). Calculate the greatest common factor of g and 48.
12
Suppose -2*w = 4*v - 4480, 3*v = 263*w - 266*w + 3372. What is the greatest common divisor of 2852 and v?
124
Suppose 0 = -5*m + 9*m. Suppose 4*i + 8 - 4 = m. Let v be (-2)/(i/22*2). Calculate the greatest common divisor of 55 and v.
11
Let l be (2604/35)/(28/140). Calculate the greatest common divisor of 45 and l.
3
Let j(x) = -343*x**3 + 349*x**3 - 3*x + 6*x**2 - 6*x**2 - 2. Let q be j(2). Suppose 3*h + 0*h - 48 = 0. What is the highest common factor of q and h?
8
Let m(w) = -14*w + 60. Let o = -65 - -57. Let q be m(o). Let p = q + -152. Calculate the highest common divisor of 30 and p.
10
Let f = 12265 + -10115. What is the highest common divisor of 150 and f?
50
Let t = 400 - 365. Let n be -7 - (-430)/t - (-2)/(-7). What is the greatest common divisor of n and 10?
5
Let k = 22247 + -9155. Calculate the greatest common divisor of 12 and k.
12
Suppose -11*a + 12*a = 3*w - 3803, -6345 = -5*w + 5*a. Calculate the greatest common factor of 1448 and w.
181
Let y = 206 + -201. Suppose 190 = 89*v - 87*v. Calculate the highest common divisor of y and v.
5
Let p = -1834 - -2581. Calculate the greatest common factor of p and 7221.
249
Let u = 5869443 + -5869339. Suppose 2*o + 44 = 2*n, 5*n + 5*o - 29 - 41 = 0. Let l = n - -60. Calculate the highest common factor of u and l.
26
Suppose -3*a = -14*a. Suppose 0 = 5*u + 4*k - 9*k - 50, a = -3*u - 3*k. Let o be -2*45/(-2)*1. Calculate the highest common divisor of o and u.
5
Let s = 905 - 701. Calculate the highest common factor of 16 and s.
4
Let b be (0 + -4)*110160/32. Let k be (-6)/33 + b/(-110). What is the greatest common divisor of k and 25?
25
Suppose 2*j - 63*j = 17*j - 15912. What is the highest common factor of 1292 and j?
68
Suppose 7*t = 12*t + 3*f - 12, 4*t + f = 11. Suppose 2*h = -2*n + 6*n + 1068, 2*h - 1067 = t*n. Calculate the greatest common divisor of 28 and h.
28
Let x be (-5)/3*(-24)/20. Suppose -x = 6*d - 44. Let r be 75 - 9 - (1 - -2). What is the greatest common divisor of r and d?
7
Suppose -5*s + i = -35, 5 = -3*i + 2*i. Let v = 191 - 189. Let u be 63 - (v + (4 - 9)) - 0. What is the greatest common factor of s and u?
6
Let n be 0 - ((-7434)/(-295))/((-1)/10). Calculate the highest common factor of n and 3906.
126
Suppose 2*x + 4*l = -3*x - 45, l = 3*x + 10. Let c be x/10 - (-37)/2. What is the highest common factor of c and 72?
18
Suppose 16 = -0*j - 4*j. Let f be -8 - 1 - (-4 + 16)/j. Let d be 2/(1*(-1)/f). Calculate the greatest common divisor of d and 4.
4
Let m be 22/(352/120)*(-2 + 22). Suppose o - 26 = -4*s, 0 = -5*o - 5*s + 51 + 94. What is the highest common factor of o and m?
30
Let x be 177/(-3) + 0 + -4. Let b be (44/(-12))/(3/x). Let s = b + -70. Calculate the greatest common factor of s and 7.
7
Let g be 40/1*(-5 - 87/(-15)). Suppose -3*y - g = -11*y. What is the greatest common factor of 44 and y?
4
Let q(c) = 4*c**2 - 83*c + 360. Let b(l) = 3*l**2 - 55*l + 240. Let i(z) = 7*b(z) - 5*q(z). Let n be i(4). What is the highest common divisor of 1552 and n?
16
Let g(t) = t**2 + 51*t - 534. Let u be g(9). What is the highest common divisor of 104 and u?
2
Let x be (-691)/9 - ((-94)/(-18) - 5). Let w = 125 + x. Suppose 0 = -2*n + c + 45, -2*n = c - 3*c - w. Calculate the greatest common divisor of n and 105.
21
Let y be 4050/275 + 2/88*12. Calculate the greatest common factor of 12060 and y.
15
Let o(s) be the second derivative of 35*s**4/12 + s**3/6 - s**2 - 6*s + 2. Let k be o(2). What is the greatest common factor of k and 42?
14
Let p be (28/5)/((-1)/(-20)). Let l = 192 + -191. Let q be 47 + -50 + 19*l. What is the highest common divisor of p and q?
16
Suppose 23*z - 168 = -19*z. Let g be (z/(-6))/(4 + 250/(-60)). Calculate the greatest common divisor of 34 and g.
2
Let s = -17056 + 17286. Ca